{"id":5979,"date":"2024-07-06T16:17:24","date_gmt":"2024-07-06T16:17:24","guid":{"rendered":"https:\/\/www.periayarnn.com\/?post_type=product&#038;p=5979"},"modified":"2026-03-05T18:01:54","modified_gmt":"2026-03-05T18:01:54","slug":"tas-peria-el-isi-cotton","status":"publish","type":"product","link":"https:\/\/www.periayarnn.com\/index.php\/urun\/tas-peria-el-isi-cotton\/","title":{"rendered":"TA\u015e PER\u0130A EL \u0130\u015e\u0130 COTTON"},"content":{"rendered":"<ul>\n<li>TA\u015e %100 COTTON<\/li>\n<li><em>100 GRAM<\/em><\/li>\n<\/ul>\n","protected":false},"excerpt":{"rendered":"<p>TA\u015e %100 COTTON 100 GRAM<\/p>\n","protected":false},"featured_media":5980,"comment_status":"open","ping_status":"closed","template":"","meta":[],"product_cat":[126],"product_tag":[],"_links":{"self":[{"href":"https:\/\/www.periayarnn.com\/index.php\/wp-json\/wp\/v2\/product\/5979"}],"collection":[{"href":"https:\/\/www.periayarnn.com\/index.php\/wp-json\/wp\/v2\/product"}],"about":[{"href":"https:\/\/www.periayarnn.com\/index.php\/wp-json\/wp\/v2\/types\/product"}],"replies":[{"embeddable":true,"href":"https:\/\/www.periayarnn.com\/index.php\/wp-json\/wp\/v2\/comments?post=5979"}],"wp:featuredmedia":[{"embeddable":true,"href":"https:\/\/www.periayarnn.com\/index.php\/wp-json\/wp\/v2\/media\/5980"}],"wp:attachment":[{"href":"https:\/\/www.periayarnn.com\/index.php\/wp-json\/wp\/v2\/media?parent=5979"}],"wp:term":[{"taxonomy":"product_cat","embeddable":true,"href":"https:\/\/www.periayarnn.com\/index.php\/wp-json\/wp\/v2\/product_cat?post=5979"},{"taxonomy":"product_tag","embeddable":true,"href":"https:\/\/www.periayarnn.com\/index.php\/wp-json\/wp\/v2\/product_tag?post=5979"}],"curies":[{"name":"wp","href":"https:\/\/api.w.org\/{rel}","templated":true}]}}